) = i**3 - 3*i**2 + 2*i - 1. Give d(k).
5
Let o(f) = -f**2 - 7*f - 1. Let a(j) = -7*j**2 - 35*j - 16. Let v(m) = -a(m) + 6*o(m). What is v(9)?
28
Suppose 6 = -x - 0*x + 3*a, -4*x = a - 41. Let f = x - 21. Let s be (-3)/f + 10/(-8). Let p(k) = -12*k**2 + k + 1. Determine p(s).
-12
Let b(y) be the third derivative of y**4/24 + y**3/6 + y**2. Let w be (0/(-4) - (-4)/6)*-3. Calculate b(w).
-1
Let h(q) = 7*q**2 + 5*q + 3. Let t(k) = -15*k**2 - 11*k - 7. Let f(a) = -13*h(a) - 6*t(a). Let z(w) = -8*w + 4. Let j be z(0). Determine f(j).
-9
Suppose -7*s = -2*s - 55. Suppose 0 = s*c - 8*c. Let k(l) be the third derivative of -l**5/60 + 2*l**3/3 - l**2. What is k(c)?
4
Let r be (19 - 18) + 0 + 1. Let x(i) = -5 + i**3 + 3*i**2 + 7*i**2 + 6*i**r - 5*i**2. Calculate x(-11).
-5
Let v(g) = -2*g - 53. Let o be v(-27). Let j(u) = 3*u**2. Determine j(o).
3
Let q(n) = n**3 + n**2 - 19*n - 2. Let i be q(4). Let k(o) = -o**3 + o**2 + 4*o - 3. Give k(i).
1
Let v(n) = 8*n**2 + 351*n - 48. Let o be v(-44). Let x(d) = -d**3 - 6*d**2 - 4*d + 2. Calculate x(o).
-14
Let m be (-40)/(-32) + (-531)/(-36). Let q(h) = -h**3 + 17*h**2 - 17*h - 6. Determine q(m).
-22
Let f(v) = v**3 + 5*v**2 + v + 7. Let o = -20 - -13. Let i = o + 2. Give f(i).
2
Let d(q) = q**2 - 6*q - 7. Let h be (-30)/(-4)*(-1 + 7). Suppose -s - h = -4*s. Let x be 73/s + (-12)/(-90). Give d(x).
-12
Let n(r) be the second derivative of -5*r - 1/6*r**4 + 2*r**2 - 1/6*r**3 + 0. Give n(-3).
-11
Let u(x) = -2*x**2 - x - 2. Let a = -13 - -24. Let d be 12/9 + 1/(-3). Suppose 0 = -5*i + d - a. What is u(i)?
-8
Let u(q) = 2*q + 5. Let p be (-45)/6*19/((-171)/(-6)). What is u(p)?
-5
Let s = 166 - 164. Let t(o) = -o**2 + 3*o. Give t(s).
2
Let c(a) = -2*a + 5. Suppose 8*w = w. Suppose -s = 5*r - 20, 0 = -w*r + r - 5. What is c(s)?
15
Suppose -5 = 46*c - 50*c - r, -2*r - 10 = -2*c. Let n(v) be the second derivative of -v**5/20 + v**4/12 + v**3/6 + 2*v. What is n(c)?
-2
Suppose -5*d = -3*x + 43, -2*x - 8*d + 62 = -3*d. Suppose 2*q = -5*l - x, -l = -2*l - 3*q - 12. Let t(u) = -2*u - 2. What is t(l)?
4
Suppose -192 = 22*g - 54*g. Let s(d) = -d**2 + 5*d - 13. Determine s(g).
-19
Let w(d) = -d**3 - 4*d**2 + 13*d + 18. Let c be w(-6). Let p(x) = c - 2 - 10 + x. Calculate p(2).
2
Suppose c - 11 = -2*r - 0, -2*c = -5*r + 14. Let n(s) = 3*s**2 + 7*s - 4*s**3 - 4*s**3 + 7*s**3 - 6. Give n(r).
6
Let f(o) be the first derivative of -2*o**3/3 - 21*o**2/2 + 7*o + 16. Let t(j) = 10*j + 0*j + j**2 + 0*j - 3. Let z(x) = 6*f(x) + 13*t(x). Calculate z(-5).
8
Let k(b) = -10*b. Let h(n) = -2*n. Let l(t) = -14*h(t) + 3*k(t). Let m be (9 - (-19 - -31))*1/(-3). Calculate l(m).
-2
Let g(f) be the first derivative of 3*f**2/2 + 55*f + 275. What is g(-16)?
7
Let h(g) be the second derivative of g**5/20 + 2*g**3/3 - 2*g**2 - 167*g + 2. Calculate h(3).
35
Let o = -39 - -39. Let n(v) = -430 + 438 + o*v + 2*v. Determine n(-7).
-6
Let i(g) = 10*g**3 + 6*g**2 + 4*g - 1. Let m(o) = -3*o**3 - o**2 - o + 1. Let c(s) = -i(s) - 3*m(s). Let r be 2 + -2 - 14/2. Let j = 4 + r. Calculate c(j).
1
Suppose 0 = 4*p - 1 + 5. Let z(j) be the third derivative of -j**6/20 - j**5/60 + j**3/6 + 233*j**2. Give z(p).
6
Let w(b) = -b**3 + 4*b**2 + 3*b - 4. Suppose 20*g = -2*n + 15*g + 30, -4*g = n - 21. Calculate w(n).
-14
Let z = 966 + -974. Let w(c) = c**3 + 9*c**2 + 9*c - 10. Determine w(z).
-18
Let u = -19 - -26. Let b(p) = 1 - 7*p - u + p**2 + 0*p. Give b(6).
-12
Let t = -20 + 15. Let q(j) = -j**3 - 3*j**2 + 9*j - 2. What is q(t)?
3
Let w(n) = 4*n**3 - 3*n**2 - 2*n + 10. Let a(v) = -11*v + 10*v + 11 - 4*v**2 + 5*v**3 + 2*v**2. Let l = 1 - -5. Let u(g) = l*w(g) - 5*a(g). Determine u(-7).
5
Let z(v) be the first derivative of -v**2/2 - 19*v - 1. Give z(0).
-19
Let n(x) be the third derivative of -x**7/2520 + x**6/720 - x**5/60 - 5*x**4/8 - 3*x**2. Let i(q) be the second derivative of n(q). Give i(-2).
-8
Suppose 7*k = -5 + 19. Suppose k*x - 10 = -0*x. Let g(a) = a - 5. Calculate g(x).
0
Let n(h) be the second derivative of h**4/12 + 3*h**3/2 - 7*h**2/2 + 2*h. Suppose 3*o + 17 = m, 6*o + 40 = 2*o - 3*m. Calculate n(o).
-21
Let w(n) = -n**3 - 170 - 2*n + 181 + 0*n + n - n. Give w(0).
11
Let b(j) = j**2 - 7*j + 6. Let o be 9/(((-2)/3)/(8/(-3))). Suppose -4*n - 2*n = -o. Calculate b(n).
0
Let f(y) be the third derivative of y**6/120 + y**5/30 + y**4/6 + 5*y**3/6 - y**2 + 25. Determine f(-3).
-16
Suppose 4*d + 10 = 38. Let k be (-16)/(-6)*21/14. Let m(o) = o - 3. Let f(p) = p - 4. Let a(i) = k*m(i) - 3*f(i). Give a(d).
7
Let t(v) = 2*v**3 + v**2 - v + 1. Let w be t(1). Let i(d) be the second derivative of -1/6*d**4 + d**2 - 8*d + 1/20*d**5 + 0 - 5/6*d**3. What is i(w)?
-4
Let v(t) = -2*t - 2. Let o = 1 + -8. Let k be v(o). Let q(j) = -8 + 13 - k + j**2 + 5*j. Determine q(-5).
-7
Let b(n) = -5*n**2 - 3*n - 9. Let c(d) = -13*d**2 - 5*d - 18. Let v(t) = -5*b(t) + 2*c(t). Determine v(8).
-15
Suppose 4*s - 2*s = -40. Let a be (4/(-16))/((-2)/s)*2. Let m(w) = -w - 3. Give m(a).
2
Let g(n) = -n**3 + 6*n**2 + 9*n - 3. Let q(a) = -a + 1. Let u(l) = -g(l) - 6*q(l). Give u(6).
-21
Let j(c) = -c. Let g be j(5). Let x(s) be the second derivative of s**4/12 + 5*s**3/6 + 7*s**2/2 + 33*s. Give x(g).
7
Let h(y) = -19*y**3 + 2*y**2 - 1. Let w(f) = -57*f**3 + 7*f**2 + f - 4. Let k(s) = -7*h(s) + 2*w(s). Determine k(1).
20
Let f(w) = w + 1. Suppose -5*r = -5 + 15. Let s be ((-12)/8 - r)*-4. What is f(s)?
-1
Let j(t) = -t**3 - 7*t**2 - 2*t + 8. Let p(x) = -4*x**2 + 13*x + 12. Let u be p(-1). Calculate j(u).
-32
Let x(a) = a**3 + 6*a**2 - 8*a - 5. Let q(z) = -z**3 - 7*z**2 + 9*z + 6. Let r(w) = -3*q(w) - 4*x(w). Determine r(-3).
-13
Let o(z) be the second derivative of z**5/20 + z**4/2 + 5*z**3/6 + 5*z**2/2 - 6*z. Let c = -6 - 1. Let d = c + 2. Give o(d).
5
Let y = 4 - 4. Let m(s) = s + y*s + 9 + 0*s. Let t(k) = -k**3 + 15*k - 10. Let h be t(-4). Calculate m(h).
3
Suppose -10*m = -9*m - 15. Let j = -12 + -4. Let g = m + j. Let i(w) = -11*w - 1. Give i(g).
10
Let n(g) be the first derivative of -g**2/2 + 6*g - 4. Let p be n(13). Let v(r) = -2*r - 5. Calculate v(p).
9
Suppose o + 35 = 35. Let q(v) = -v**3 + 2*v**2 - v - 2. Determine q(o).
-2
Let a be -1 - -2 - (17 - 15). Let g be (-5)/(((-20)/(-8))/a). Let q(j) = 5 - 3*j - 4 + 2*j**g - 3*j**2. What is q(2)?
-9
Let i(g) = 18*g**3 - 2*g**2 + 2*g - 1. Suppose 0 = 9*r - r - 120. Let b be 21/r + (-3)/30*4. Calculate i(b).
17
Let x(b) = -b - 3. Let h be 15 + 3 + 6/(-3). Suppose 3*j + 0*w + 12 = 3*w, 3*w - h = 4*j. Determine x(j).
1
Let c = -86 - -91. Let w(g) = -7*g + 2. Let p(i) = -9*i + 1. Let v(m) = c*w(m) - 4*p(m). Determine v(-9).
-3
Suppose 564 = 9*f - 678. Let a = -139 + f. Let t(u) = -2*u**2 - 2*u + u + 0*u. Give t(a).
-1
Let u(p) = -p**2 - 3*p + 4. Let b be u(-3). Let i be (-10)/b + 12/24. Let v(t) = -t**3 - 2*t**2 - t. Give v(i).
2
Let z(g) = -g + 6. Let a = -8 + 23. Suppose 3*m - 3*k + a = 4*m, 2*m - 21 = -3*k. Let x be z(m). Let b(s) = s + 9. What is b(x)?
9
Let m(j) = -j**3 - 2*j**2. Suppose 0 = -0*l + 4*l, -3*l + 8 = 2*k. Suppose -k + 14 = -5*i. Determine m(i).
0
Let x = 57 + -61. Let j(y) = y**3 + 4*y**2 + 1. Give j(x).
1
Suppose y - 13 = 10. Let a(o) = 0*o + y*o**2 - 5 + 2*o - 22*o**2 + 0. Let c(m) = m + 2. Let v be c(-7). Calculate a(v).
10
Let d(v) = v + 2. Let h(f) = f**3 - 25*f**2 + 24*f + 4. Let y be h(24). Suppose -r - y*j - 23 + 8 = 0, 3*r + 5*j = -10. What is d(r)?
7
Let d = -12 + 9. Let m be (0 - d) + -2 + 1. Let u be m/(-5) + 60/25. Let l(f) = -f**3 + 2*f**2 - 4*f + 3. Determine l(u).
-5
Let f(g) = g**2 - 2*g - 2. Let w = -14 + 23. Let n(c) = c**3 - 9*c**2 + 13. Let q be n(w). Suppose -i = -2*j - 7, -i + 2*j = 2*i - q. Calculate f(i).
1
Suppose s - 46 = -4*c - 33, 0 = 2*c + 4*s + 4. Let a(h) = 3*h - 12. Calculate a(c).
0
Let f(s) be the second derivative of 0 - 1/6*s**3 + 11*s + 1/3*s**4 - 1/2*s**2. Calculate f(-1).
4
Let m(n) be the second derivative of n**4/6 + n**3/2 - 31*n**2/2 - 36*n. Let z(x) be the first derivative of m(x). Give z(-2).
-5
Let p be ((-204)/14)/((-10)/(-70)). Let k = p - -103. Let h(g) = 2*g**2 - g + 1. Determine h(k).
2
Let p(h) be the second derivative of -h**4/12 + 5*h**3/3 - 6*h**2 + 79*h. What is p(10)?
-12
Let i(s) = -s**2 - s - 1. Let b(f) be the second derivative of -7*f**4/12 - 7*f**3/6 + 5*f**2/